 of q(-39)?
1
Suppose 0 = 12*m + 124 + 8. Let y(f) = -f**2 - 12*f - 4. What is the units digit of y(m)?
7
Let a(k) = k**2 - 4*k + 4. Let b be a(4). Suppose -b*s - 5 = -3*i + 18, -5*s = 10. Suppose 2*d - d + 4*g = 3, 25 = -i*g. What is the units digit of d?
3
Suppose 2*u - 29*b - 2150 = -25*b, -4276 = -4*u + 2*b. What is the hundreds digit of u?
0
Suppose -5*t + 3*f - 5*f = -4, 0 = -4*t - 2*f + 2. Suppose 4 + 166 = t*r. Suppose 10 = -5*g + r. What is the tens digit of g?
1
Suppose -12*f - 70 = 146. What is the hundreds digit of ((-6)/f)/((-4)/(-1884))?
1
Let p(q) = -4*q**3 - 1. Suppose 0*d = 3*d + 3. Let r be p(d). Suppose r*z - 22 = 2*z. What is the tens digit of z?
2
Let r(n) = 150*n + 112. What is the units digit of r(8)?
2
Suppose 0 = 3*z - 2 - 1. Let m(n) = 3*n. Let d be m(z). Suppose -61 = -d*h + q, 2*h - 3*q + 26 = 4*h. What is the tens digit of h?
1
What is the tens digit of 4/2 + 272 + (3 - 2)?
7
Let d = 7 - 1. Suppose -3*y = -9 - d. Suppose x - 2*a + 6 = 34, y*a + 40 = x. What is the tens digit of x?
2
Suppose -4*d = 7*d - 7*d. What is the tens digit of 62 + 11 + d + 4?
7
Suppose 5*h = 3*j + 4373, -1284 - 2216 = -4*h + 4*j. What is the units digit of h?
4
Let t be -3*4*(-4)/(-24). What is the hundreds digit of 110 - (-3)/(-1 + t)?
1
Let x(w) = w + 12. Let a be x(-9). Suppose 0 = -2*v - 5*i + 26, -i + a*i - 5 = v. Suppose -23 + v = -5*m. What is the units digit of m?
4
What is the hundreds digit of 3269 - (6 - ((-10 - -5) + 16))?
2
Suppose h + 5*u - 719 = 179, 4*u = 0. What is the units digit of h?
8
Let i(y) = 105*y - 1. Let o be i(1). Let f = o + -41. What is the tens digit of f?
6
Let i(t) = -3*t**3 + 42*t**2 + 74*t - 37. Let u(v) = -v**3 + 14*v**2 + 25*v - 12. Let j(r) = 4*i(r) - 11*u(r). What is the units digit of j(15)?
4
Let a(i) be the second derivative of 3*i**5/20 - 4*i**4/3 - 5*i**3/6 + 7*i**2 + 2*i + 20. What is the tens digit of a(7)?
2
Suppose -3*m = -2*c + 4528, -30*m + 6794 = 3*c - 35*m. What is the thousands digit of c?
2
Let h(c) = 7*c**2 - 147*c + 19. What is the thousands digit of h(30)?
1
Suppose 4*w + 954 = 2*o - 0*w, 5*w = 5*o - 2365. Suppose 4*n + u = o + 147, -3*u = 0. What is the hundreds digit of n?
1
Let m(w) = w**3 - 7*w**2 - 11*w + 17. Let i be m(9). Suppose -i = -10*u + 6*u. What is the units digit of u?
0
Suppose -8*d = -4966 - 330. What is the hundreds digit of d?
6
Let z = 9 + -6. Suppose z = 3*g - 3. Suppose g - 5 = -u. What is the units digit of u?
3
Suppose 0 = -14*k + 22216 - 2462. What is the hundreds digit of k?
4
Let g = 426 - -102. What is the units digit of g?
8
Let w be 7/(-1) - (-2 - 1). Let y be (-2 + w)*(-2 - -1). What is the tens digit of (40/y)/((-2)/(-12))?
4
Suppose 3*s = 4*s - 4. Suppose -25 = -s*a - a. Suppose 0 = a*y + g - 56, 0*y - 3*g - 24 = -y. What is the units digit of y?
2
Let z = -11 + 19. Suppose -5*u = -z*u - 36. Let p = 20 + u. What is the units digit of p?
8
Suppose -7 - 47 = -t + 3*u, -5*u = 0. Suppose 0 = r - 5 - t. What is the units digit of r?
9
Suppose 7*w - 15431 + 1634 = 0. What is the thousands digit of w?
1
Suppose 5*q - 4*n = 9745, -5*q + n = -8*q + 5864. What is the hundreds digit of q?
9
Suppose 0 = -3*p + 4*t + 2, 22 = -0*p + p + 4*t. Suppose -899 = -p*b + 145. What is the tens digit of b?
7
Suppose -m = m - 12. Suppose -3*k - 3*h + 30 = -m*k, 5*k + 26 = -3*h. Let z(p) = p**3 + 7*p**2 - 8*p - 10. What is the tens digit of z(k)?
4
Suppose 3*m = -2*f + 8, 2*m - 6 - 3 = -5*f. Suppose 5*b + y = m*b, b = -y. What is the units digit of 8 + (b - (1 + 1))?
6
Suppose -p + 152 = -3*p. Let b = -44 - p. Suppose 0 = -2*u + 20 + b. What is the units digit of u?
6
Let m = 17 + -42. Let f = 28 + m. Suppose d = 3*d - 2*c - 18, 0 = -5*d + f*c + 55. What is the tens digit of d?
1
Let g be 62 - (-1 + 3 - 1). Let r = g - 54. What is the units digit of r?
7
Suppose 4*v + 10 - 46 = -j, 3*v - 9 = 0. Let p = 48 - j. What is the units digit of p?
4
Let q = 3222 + -1736. What is the units digit of q?
6
Let g(n) = n**2 + 6*n + 6. Let d = -1 - 7. What is the tens digit of g(d)?
2
Suppose -7*v - 4*n = -2*v + 16, 0 = 2*v + 5*n + 20. Suppose -3*b + 9 = v, 1204 = 5*h - b - b. What is the hundreds digit of h?
2
What is the units digit of 12/216*6*(-723)/(-1)?
1
Let m = 2140 + -1169. What is the units digit of m?
1
Let f(g) = -4*g**2 + g - 8. Let j(b) = 13*b**2 - 2*b + 25. Let t(h) = 11*f(h) + 4*j(h). What is the tens digit of t(-4)?
2
Let y = 2 + 14. Suppose -4*j = -2*j + y. Let l = j + 26. What is the tens digit of l?
1
Let u be 2/3 + (-1939)/(-21). Suppose 5 = c - u. Let o = c + -69. What is the tens digit of o?
2
Suppose -23 = v + 2*v - 2*w, -2*v + 2*w - 16 = 0. What is the units digit of 441/v*(-1)/3?
1
Let x(y) = y**3 - 8*y**2 + 10*y + 13. What is the tens digit of x(7)?
3
Suppose -8*f + 8 = -6*f. What is the tens digit of -67*(-5)/(1 + f)?
6
Let u = 9 - 16. What is the units digit of (u - (0 + -3)) + 110?
6
Let x(m) = 6*m**2 - 10*m + 7. Let c(g) = -3*g**2 + 5*g - 3. Let q(r) = -9*c(r) - 4*x(r). What is the tens digit of q(5)?
4
Let o = 565 + -373. What is the tens digit of o?
9
What is the tens digit of (-74)/407 + 74289/33?
5
Suppose 0 = 4*i + 24 + 16. Suppose -m + 33 = 2*m. Let j = i + m. What is the units digit of j?
1
Let n(s) = 4*s**2 - 42*s + 13. What is the hundreds digit of n(18)?
5
Let a(h) = 19*h + 10. Let i(z) = z - 1. Let y(f) = a(f) - 5*i(f). What is the tens digit of y(6)?
9
Let g be ((-96)/(-18))/((-2)/12). Let j = g - -70. What is the tens digit of j?
3
Let c(o) = 76*o**2 - 3*o + 2. Let t be c(1). Let s = -43 + t. What is the units digit of s?
2
Suppose 0 = 5*l + 24*l - 26361. What is the units digit of l?
9
Suppose -r = 4*r + 3*x + 8, 12 = 2*r + 5*x. Let s(m) = 3*m - 9. Let q be s(r). Let i = 39 + q. What is the units digit of i?
8
What is the hundreds digit of -3 + 2 - (-3 + (-1 - 764))?
7
Let w(j) = 2*j**2 - 2*j + 6. Suppose 0 = 4*n + 3*i - 1 + 4, -17 = n + 4*i. Let h be w(n). Suppose -m + 8 = -h. What is the units digit of m?
6
Let m be (-1400)/(-60)*(-15)/2. Let h = m - -293. What is the hundreds digit of h?
1
Let m(k) = -8*k**3 + 2*k**2 + 3*k + 3. Let x be m(-2). Let g = x - 31. What is the tens digit of g?
3
Let i(u) = u**3 + 12*u**2 - 18*u + 7. Suppose -25 = -w + 2*w - 3*f, -5*w - 77 = -3*f. What is the units digit of i(w)?
2
Suppose n + 50 + 6 = g, 0 = 3*g - 2*n - 167. What is the tens digit of g?
5
Let g(i) = i**2 - 13*i + 105. What is the tens digit of g(18)?
9
Let v(z) be the second derivative of z**4/12 - 2*z**3/3 + 37*z**2/2 - 14*z. What is the units digit of v(9)?
2
Suppose 0 = -q + 11*y - 8*y + 877, 1781 = 2*q + 3*y. What is the tens digit of q?
8
Suppose 2*c + 2*p - 5 = -1, -5*p = -4*c - 10. Suppose -4*o - 2*d + 389 = o, 4*o + 3*d - 314 = c. What is the tens digit of o?
7
Suppose 0 = 5*j - 2040 - 5145. What is the units digit of j?
7
Suppose 0 = -2*l - 6, 4*a - 452 = 5*l + 675. What is the units digit of a?
8
Suppose -s - 9 = -2*s. Let l(i) = i**3 + 25*i**2 + 25*i + 35. Let w be l(-24). Let n = w - s. What is the units digit of n?
2
Let b = 5114 - 3445. What is the tens digit of b?
6
Suppose 55*t - 59314 = 35231. What is the hundreds digit of t?
7
Suppose 4*w - 2 = -3*b + 6, -3*b + 11 = w. What is the tens digit of (1*(-1 + w))/(3/(-108))?
7
Let t(s) = 413*s - 13. What is the hundreds digit of t(2)?
8
Suppose j + 740 = c - 491, 0 = 2*c - 5*j - 2477. What is the units digit of c?
6
Suppose 0 = -0*d + d - 8. Suppose -a - a = d. What is the units digit of -1 - (-1)/(a/(-156))?
8
Suppose 3*l - 3987 = -4*n, -2*l - 626 = -4*n + 3336. What is the tens digit of n?
9
Suppose -2*w + 3*v = 4*v - 5, -3*w - 5 = 4*v. Suppose 0 = -3*n + 2*x + 1, 21 - 3 = 2*n + 3*x. Let s = w + n. What is the units digit of s?
8
Let q = -321 + 965. What is the hundreds digit of q?
6
Let m(k) = -k**3 + 6*k**2 + 2*k - 5. Let v be 2 + (-2)/2 - -5. Let r be m(v). Suppose 2*y + 15 = r*y. What is the units digit of y?
3
Let s(k) = 15*k - 7. Let n be s(7). Let i = n + -71. What is the tens digit of i?
2
Let l be (-5)/(-1) - (-18)/(-6). Suppose 3*s = 2*y + 302, l*y = -0*y + 4. What is the tens digit of s?
0
Suppose -m + 4 = 0, -5682 - 1681 = -5*s + 3*m. What is the units digit of s?
5
Let u(n) = -n**3 - 7*n**2 + 6*n + 9. Let d be u(-5). Let y = 144 + d. What is the tens digit of y?
7
Let r